s the units digit of m?
2
Let s = -3 - -53. What is the units digit of s?
0
Let g(u) = -u**3 + 6*u**2 - 2*u + 7. Let b be g(6). Let m = -2 - b. Suppose 2*f = 4*w + 14, -m*f + 2 = 5*w + 3. What is the units digit of f?
3
Let k be 0 + 11 - (-21)/(-7). Let n = 16 + k. What is the units digit of n?
4
Let o(c) = -7*c - 9. Suppose -14 = 5*q + 16. What is the units digit of o(q)?
3
Let i(v) = 5*v**2 + v - 21. What is the hundreds digit of i(6)?
1
What is the tens digit of (-510)/(-22) - 32/176?
2
Suppose 5*c + n = 2*n - 65, -c + 2*n = 22. What is the units digit of 3/(0 + c/(-8))?
2
Let k be 32/40 - 6/(-5). Suppose -k*v = v - 3. What is the units digit of v?
1
Suppose 3*y - 7 - 5 = 0. Suppose -6*t + 3*t = -4*p - 4, 3*p = -t - 3. What is the units digit of (p + (-6)/(-4))*y?
2
Suppose l + l - 10 = 0. Suppose c = -s - 3*c - l, 0 = 4*s + 5*c + 9. Let g = 5 - s. What is the units digit of g?
6
Let s be (-28)/6*9/(-6). Let t(p) = 6*p - 4. Let a be t(s). Suppose 2 = 5*q - a. What is the units digit of q?
8
Let w(i) = 3*i**2 + 3*i - 12. What is the hundreds digit of w(-7)?
1
Let d = -54 + 33. What is the tens digit of 3/2 + d/(-2)?
1
Let n be (-7 + 5)*(-33)/(-6). Let k(r) = -r**3 - 11*r**2 + 3. What is the units digit of k(n)?
3
Let q(l) = -l**3 - 3*l**2 + 4*l - 6. What is the units digit of q(-5)?
4
Let n(w) = 17*w - 1. Let a be n(2). Suppose l - 4*d - 3 = 6, l - a = -2*d. What is the tens digit of l?
2
Let n = 289 - 105. What is the tens digit of n?
8
Suppose -5*s + 7*s = 122. What is the units digit of s?
1
Suppose 3*p = 2*v - 3, 3*p + 2*v = -p + 10. What is the units digit of p + -4*(-3)/6?
3
Let w(k) = -k - 10. Let c be w(-8). Let n = c + 25. What is the tens digit of n?
2
Suppose -2*n = -n + 1, k - 5*n = 276. What is the units digit of k?
1
Let w = 12 + -7. Suppose r + 0 = -3. Let b = r + w. What is the units digit of b?
2
What is the units digit of 4/(-30) + (-816)/(-45)?
8
Let r(y) = -y**2 - y + 24. What is the units digit of r(0)?
4
Let w = -9 + 13. Suppose -8 = -2*j - w. What is the units digit of j?
2
What is the hundreds digit of ((-4)/6)/(((-50)/4065)/5)?
2
Let h(b) = -4*b - 13. What is the units digit of h(-4)?
3
Let c(k) = -k**3 + 9*k**2 - 9*k - 6. Suppose -5*f - y + 29 = 2*y, -5*y - 17 = -f. What is the units digit of c(f)?
9
Let p be ((-16)/12)/(2/81). What is the units digit of 4/18 - 420/p?
8
Let a(r) = -9*r + 13. Let q be a(5). What is the units digit of q/10*(-105)/14?
4
Suppose 3*a - 402 = 93. What is the tens digit of a?
6
Suppose 75 = 3*b + 2*p, 3*b = -b + 4*p + 120. What is the tens digit of b?
2
What is the units digit of (-1)/5 + 1448/40?
6
What is the tens digit of (21/(-9) - -4)*6?
1
Suppose 3*a - 217 = 5*x - 92, -2*x = -2*a + 78. What is the tens digit of a?
3
Let y(w) be the second derivative of w**6/360 - w**5/30 - w**4/8 + w**3/3 - 2*w. Let t(l) be the second derivative of y(l). What is the units digit of t(5)?
2
Suppose j - 8 = -3*t, -3*t - 3*j + 5*j + 20 = 0. Suppose 10 + 2 = t*r. What is the units digit of r?
3
Suppose 11*r = 6*r + 20. Suppose -18 = r*x - 134. What is the tens digit of x?
2
What is the units digit of 6/2 + 0 - -43?
6
Let q(y) = -4*y - 17. What is the tens digit of q(-13)?
3
What is the tens digit of 25 - (-3)/2*2?
2
Suppose -17*b = -12*b - 1980. What is the tens digit of b?
9
Suppose -5*r + 2*q = -242, q + 97 = r + r. Let l = 70 - r. What is the tens digit of l?
2
Let b(w) = -w**2 - 1. Let z(p) = p**3 + 2*p. Let j(m) = 2*b(m) - z(m). Let f be j(-2). What is the units digit of (-2*1 - -8) + f?
8
Suppose 4*m = -8, 4*p - 5*m = -4*m - 18. Let w be 11/(-22) + (-2)/4. Let k = w - p. What is the units digit of k?
4
Suppose 2*b - 294 = -b. What is the tens digit of b?
9
Suppose -4*q - q - 110 = 0. Let x = 3 - -32. Let l = q + x. What is the tens digit of l?
1
Let h be 30/(-9)*(-24)/10. What is the units digit of h/((-8)/(-44) + 0)?
4
Let a = 51 - 24. What is the units digit of a?
7
Let w be 10 - 0 - (1 - -1). Let g be w/(-2)*20/16. What is the units digit of (-6)/10 + (-18)/g?
3
What is the units digit of 2 + ((-2)/(-10) - 1488/(-10))?
1
Let p = -7 - -13. Let r be ((-2)/3)/(p/(-9)). Let l(n) = 7*n**2 + n. What is the units digit of l(r)?
8
Suppose -6 - 14 = -5*f. Suppose -f*u = -0*u + 4*h - 120, 70 = 2*u - 3*h. What is the tens digit of u?
3
Suppose -2 = -5*f + o + 11, -5*f + 3*o + 19 = 0. Suppose g - 6 + f = 0. What is the units digit of g?
4
Let w = -370 - -568. What is the units digit of w?
8
Let h = 30 - 52. Let k = h + 36. What is the tens digit of k?
1
Let z(j) = -7*j**3 - j - 1. Let q be z(-1). Let y(v) = 2*v**3 + 9 - 5*v**3 + 2*v**3 - 7*v + q*v**2. What is the units digit of y(6)?
3
Suppose 4*d - 6*l + 5*l - 23 = 0, 0 = -d + 2*l + 11. Let j = 0 - -3. Let u = j + d. What is the units digit of u?
8
Suppose 28 = 4*b - 8. What is the units digit of b?
9
Let q(v) = -v**3 + 4*v**2 + 3*v - 5. What is the units digit of q(4)?
7
Let y(d) = -d + 7. Let s be y(3). Suppose 0 = s*p - 100. What is the units digit of p?
5
Let w be -1 + (7 - (4 - 3)). Let v be 6/5*10/4. Suppose -26 = -5*d + m, -3*d - v = -4*m - w. What is the units digit of d?
6
Let p(i) = -4*i**2 + 0*i + 2*i**2 + i**2 + 4*i - 3. Suppose 4*y + 6 = 3*o - 0, 3*o = -3*y + 6. What is the units digit of p(o)?
1
Let x = 9 + -13. Suppose n + 31 = 5*y + 6, 0 = 2*y - 2*n - 2. Let z = x + y. What is the units digit of z?
2
Let k(t) = t**3 - 19*t**2 - 16*t + 35. What is the tens digit of k(20)?
1
Let a = -4 + 7. Suppose -5*b - 7*w + a*w = -58, 2*b = -5*w + 30. What is the tens digit of b?
1
Suppose -b + 4*a = 8, 5*b + 0*a + a - 65 = 0. Suppose 4*u = -2*p - b, 5*p - u + 2 = 27. What is the units digit of p?
4
Let w be 11/4 + (-9)/12. Suppose 3*d - w = 4*d. What is the units digit of (d/2 - 0) + 11?
0
What is the tens digit of 3*(-8)/12*(-32)/1?
6
Let a = -3 - 0. Let l(w) = w**3 + 4*w**2 + 1. What is the units digit of l(a)?
0
Suppose s + 5*f = -14, 6 = 2*s + s - f. Let h = -2 + 4. Let q = h - s. What is the units digit of q?
1
Suppose -4*k = 2*k - 180. What is the units digit of k?
0
Let r = -2 - -5. Suppose -48 = -5*u + y, 0*u + 26 = 2*u + r*y. Suppose -2*l + 0*l = -u. What is the units digit of l?
5
Suppose i - 3*i = -4*f + 14, -4*i - 3*f = -27. Suppose 0 = -4*a - 4*o + 12, 3*a + i*o = 7*a - 47. Suppose m = a + 2. What is the units digit of m?
0
Suppose -10*u + 829 = -461. What is the tens digit of u?
2
Let k = 228 - -133. What is the tens digit of k?
6
What is the tens digit of 1/2 + 177/2?
8
Let r = -1 - 2. Let c = r + 2. What is the units digit of (c + -5)/(-3)*2?
4
Suppose -60 = -p - 3*p. Suppose -p = -5*u + 115. What is the tens digit of u?
2
Suppose 2*c = 2*b - 58, 3*b + c = b + 55. What is the units digit of b?
8
Let r(j) = -2*j - 6. Let b = 8 - 16. Let x be r(b). Suppose p + 2*p + 4*y - 2 = 0, 4*p - x = 2*y. What is the units digit of p?
2
Suppose 0*n - 4*s = 2*n - 18, -3*n - 4*s + 33 = 0. Let i = n - 11. Suppose -3*p - 32 = -4*c, -1 - 3 = -4*c - i*p. What is the units digit of c?
5
Let v = -8 - -11. Let h(z) be the second derivative of z**3/6 + z**2 + z. What is the units digit of h(v)?
5
Let t = -71 + 28. Let b = -30 - t. What is the tens digit of b?
1
Let m(y) = 2*y**2 + 5*y - 2. Let t(k) = 3*k**2 + 7*k - 3. Let i(b) = -7*m(b) + 5*t(b). Let c be i(-3). Let u = -6 + c. What is the units digit of u?
2
Suppose -3*t + 23 + 67 = -3*h, 2*t + 4*h - 42 = 0. What is the tens digit of t?
2
Let h(m) = 5*m**3 - m**2 + 2*m - 1. Let c be h(1). Suppose -17 = -c*d + 118. What is the tens digit of d?
2
Let h = 8 - 8. Suppose -5*y - 3*g + 51 - 2 = h, 3*g - 16 = -2*y. What is the units digit of y?
1
Let d(c) = -7 + 7 + c**2 + 15*c**3. What is the tens digit of d(1)?
1
Let r be 2*(231/6)/7. Let z(v) = v**2 - 9*v - 6. What is the units digit of z(r)?
6
Let f be 6 - 0 - (4 + -3). Suppose -f*i + 7 = -3. Suppose i*a = 3*c + 23, -4*a - 4*c + 73 - 17 = 0. What is the units digit of a?
3
Let h(w) = -3*w**2 - 9*w - 1 + 20*w + 2 + 4*w**2. Let q(d) = -3*d**2. Let j be q(-2). What is the units digit of h(j)?
3
Let l = 44 - 4. What is the units digit of l?
0
Let y(o) = -o**3 - 2*o**2 + o + 2. Let k be y(-3). Suppose -3*u = -k*u. Suppose p = -u*p + 11. What is the units digit of p?
1
Let k be (-20 + 7)/(0 + -1). Suppose 0*o = o - 3. Suppose 0 = 2*s - o - k. What is the units digit